y 52?
51
What is the remainder when 326 is divided by 82?
80
Calculate the remainder when 613 is divided by 2.
1
Calculate the remainder when 157 is divided by 39.
1
What is the remainder when 545 is divided by 77?
6
What is the remainder when 91 is divided by 42?
7
What is the remainder when 799 is divided by 343?
113
Calculate the remainder when 146 is divided by 21.
20
What is the remainder when 20463 is divided by 97?
93
What is the remainder when 79 is divided by 42?
37
What is the remainder when 356 is divided by 191?
165
What is the remainder when 432 is divided by 121?
69
What is the remainder when 59 is divided by 6?
5
What is the remainder when 142 is divided by 36?
34
Calculate the remainder when 101 is divided by 34.
33
What is the remainder when 4255 is divided by 16?
15
Calculate the remainder when 388 is divided by 28.
24
What is the remainder when 1367 is divided by 171?
170
What is the remainder when 739 is divided by 57?
55
Calculate the remainder when 557 is divided by 18.
17
What is the remainder when 142 is divided by 2?
0
Calculate the remainder when 521 is divided by 505.
16
Calculate the remainder when 1054 is divided by 44.
42
What is the remainder when 120 is divided by 31?
27
Calculate the remainder when 1881 is divided by 126.
117
Calculate the remainder when 259 is divided by 76.
31
Calculate the remainder when 893 is divided by 64.
61
What is the remainder when 388 is divided by 56?
52
Calculate the remainder when 2925 is divided by 183.
180
Calculate the remainder when 438 is divided by 11.
9
What is the remainder when 16255 is divided by 22?
19
Calculate the remainder when 430 is divided by 39.
1
What is the remainder when 1562 is divided by 142?
0
Calculate the remainder when 27474 is divided by 43.
40
What is the remainder when 136 is divided by 71?
65
Calculate the remainder when 61 is divided by 32.
29
What is the remainder when 143 is divided by 37?
32
Calculate the remainder when 3068 is divided by 3043.
25
Calculate the remainder when 213 is divided by 179.
34
What is the remainder when 1255 is divided by 17?
14
What is the remainder when 405 is divided by 83?
73
What is the remainder when 31 is divided by 4?
3
Calculate the remainder when 88 is divided by 44.
0
Calculate the remainder when 662 is divided by 8.
6
What is the remainder when 295 is divided by 32?
7
Calculate the remainder when 616 is divided by 31.
27
Calculate the remainder when 1265 is divided by 310.
25
Calculate the remainder when 62 is divided by 18.
8
Calculate the remainder when 59 is divided by 31.
28
What is the remainder when 57242 is divided by 22?
20
What is the remainder when 338 is divided by 9?
5
Calculate the remainder when 94 is divided by 47.
0
Calculate the remainder when 1826 is divided by 115.
101
Calculate the remainder when 72 is divided by 13.
7
Calculate the remainder when 40 is divided by 18.
4
What is the remainder when 524 is divided by 143?
95
Calculate the remainder when 236 is divided by 80.
76
What is the remainder when 974 is divided by 61?
59
What is the remainder when 128 is divided by 13?
11
Calculate the remainder when 65 is divided by 19.
8
What is the remainder when 235 is divided by 42?
25
What is the remainder when 646 is divided by 79?
14
Calculate the remainder when 95 is divided by 18.
5
What is the remainder when 51 is divided by 5?
1
Calculate the remainder when 53 is divided by 28.
25
What is the remainder when 229 is divided by 5?
4
What is the remainder when 34 is divided by 18?
16
What is the remainder when 137 is divided by 66?
5
What is the remainder when 335 is divided by 38?
31
Calculate the remainder when 2684 is divided by 269.
263
Calculate the remainder when 19108 is divided by 147.
145
Calculate the remainder when 1772 is divided by 882.
8
What is the remainder when 50651 is divided by 21?
20
Calculate the remainder when 3413 is divided by 851.
9
What is the remainder when 72 is divided by 16?
8
Calculate the remainder when 84 is divided by 27.
3
What is the remainder when 139 is divided by 38?
25
What is the remainder when 1195 is divided by 30?
25
What is the remainder when 19 is divided by 15?
4
What is the remainder when 26 is divided by 22?
4
Calculate the remainder when 371 is divided by 22.
19
What is the remainder when 739 is divided by 82?
1
What is the remainder when 289 is divided by 59?
53
Calculate the remainder when 50 is divided by 42.
8
Calculate the remainder when 478 is divided by 13.
10
Calculate the remainder when 41 is divided by 33.
8
Calculate the remainder when 5 is divided by 2.
1
Calculate the remainder when 617 is divided by 20.
17
What is the remainder when 149 is divided by 18?
5
Calculate the remainder when 54 is divided by 30.
24
What is the remainder when 555 is divided by 270?
15
Calculate the remainder when 303 is divided by 40.
23
Calculate the remainder when 2919 is divided by 17.
12
Calculate the remainder when 457 is divided by 10.
7
What is the remainder when 830 is divided by 50?
30
Calculate the remainder when 454 is divided by 117.
103
What is the remainder when 31 is divided by 20?
11
Calculate the remainder when 1370 is divided by 98.
96
What is the remainder when 9510 is divided by 41?
39
Calculate the remainder when 2867 is divided by 32.
19
Calculate the remainder when 5641 is divided by 14.
13
Calculate the remainder when 203 is divided by 51.
50
Calculate the remainder when 99 is divided by 30.
9
What is the remainder when 160 is divided by 36?
16
What is the remainder when 617 is divided by 62?
59
What is the remainder when 543 is divided by 113?
91
Calculate the remainder when 488 is divided by 14.
12
What is the remainder when 5677 is divided by 28?
21
What is the remainder when 253 is divided by 56?
29
What is the remainder when 858 is divided by 54?
48
What is the remainder when 189 is divided by 31?
3
What is the remainder when 152 is divided by 52?
48
Calculate the remainder when 3298 is divided by 60.
58
Calculate the remainder when 117 is divided by 17.
15
Calculate the remainder when 15 is divided by 14.
1
What is the remainder when 221 is divided by 97?
27
Calculate the remainder when 1034 is divided by 343.
5
What is the remainder when 75 is divided by 3?
0
What is the remainder when 2542 is divided by 4?
2
What is the remainder when 255 is divided by 54?
39
What is the remainder when 981 is divided by 45?
36
Calculate the remainder when 53 is divided by 2.
1
Calculate the remainder when 271 is divided by 23.
18
Calculate the remainder when 224 is divided by 15.
14
Calculate the remainder when 150 is divided by 60.
30
What is the remainder when 8522 is divided by 164?
158
What is the remainder when 441 is divided by 93?
69
What is the remainder when 9544 is divided by 11?
7
What is the remainder when 8997 is divided by 2994?
15
What is the remainder when 380 is divided by 129?
122
Calculate the remainder when 41 is divided by 21.
20
What is the remainder when 83 is divided by 5?
3
What is the remainder when 1282 is divided by 160?
2
Calculate the remainder when 92 is divided by 26.
14
Calculate the remainder when 3217 is divided by 43.
35
Calculate the remainder when 892 is divided by 53.
44
What is the remainder when 57 is divided by 15?
12
Calculate the remainder when 327 is divided by 102.
21
Calculate the remainder when 401 is divided by 15.
11
What is the remainder when 116 is divided by 49?
18
Calculate the remainder when 4138 is divided by 19.
15
What is the remainder when 1339 is divided by 96?
91
Calculate the remainder when 224 is divided by 48.
32
Calculate the remainder when 2173 is divided by 724.
1
Calculate the remainder when 999 is divided by 159.
45
Calculate the remainder when 83 is divided by 32.
19
Calculate the remainder when 425 is divided by 3.
2
What is the remainder when 520 is divided by 182?
156
Calculate the remainder when 57 is divided by 10.
7
Calculate the remainder when 498 is divided by 85.
73
Calculate the remainder when 123 is divided by 22.
13
Calculate the remainder when 25 is divided by 3.
1
Calculate the remainder when 2829 is divided by 149.
147
Calculate the remainder when 725 is divided by 56.
53
Calculate the remainder when 29 is divided by 21.
8
Calculate the remainder when 